{"id":1481,"date":"2022-12-12T12:02:35","date_gmt":"2022-12-12T12:02:35","guid":{"rendered":"https:\/\/www.spausa.pt\/?post_type=product&#038;p=1481"},"modified":"2024-08-08T11:37:27","modified_gmt":"2024-08-08T11:37:27","slug":"gel-esfoliante-vinoterapia","status":"publish","type":"product","link":"https:\/\/www.spausa.pt\/_en\/product\/gel-esfoliante-vinoterapia\/","title":{"rendered":"Vinotherapy Exfoliating Gel"},"content":{"rendered":"<p><strong>Principais Benef\u00edcios<\/strong><\/p>\n<p style=\"font-weight: 400;\"><strong>Pele suave, fresca e tonificada.<\/strong><\/p>\n<p style=\"font-weight: 400;\">&#8211; Purifica e amacia a pele.<br \/>\n&#8211; A\u00e7\u00e3o estimulante e anti-idade, fortalecida com vitamina E.<br \/>\n&#8211; Remove as c\u00e9lulas mortas da pele suave e efetivamente.<\/p>\n<p><strong>Actives<\/strong><\/p>\n<p style=\"font-weight: 400;\">Suco de\u00a0Uva, Vitamina E, Micropart\u00edculas Esfoliantes, \u00d3leos Essenciais de Alecrim, Ger\u00e2nio e Hortel\u00e3-Pimenta.<\/p>\n<p style=\"font-weight: 400;\">Sem parabenos,\u00a0Sem \u00f3leos minerais,\u00a0Sem silicones.<\/p>\n<p><strong>Aplica\u00e7\u00e3o<\/strong><\/p>\n<ol>\n<li style=\"font-weight: 400;\">Aplicar o Gel Esfoliante Vinoterapia em pele s\u00e3 e h\u00famida, sobre todo o corpo.<\/li>\n<li style=\"font-weight: 400;\">\u00a0Massajar durante 5 a 10 minutos com movimentos circulares, ascendentes e suaves.<\/li>\n<li style=\"font-weight: 400;\">\u00a0Retirar com \u00e1gua t\u00e9pida abundante, utilizando uma luva turca.<\/li>\n<\/ol>\n<p><img decoding=\"async\" class=\"size-medium wp-image-1484 aligncenter\" src=\"https:\/\/www.spausa.pt\/wp-content\/uploads\/2022\/12\/Imagem1-2-300x111.jpg\" alt=\"\" width=\"300\" height=\"111\" srcset=\"https:\/\/www.spausa.pt\/wp-content\/uploads\/2022\/12\/Imagem1-2-300x111.jpg 300w, https:\/\/www.spausa.pt\/wp-content\/uploads\/2022\/12\/Imagem1-2-1024x379.jpg 1024w, https:\/\/www.spausa.pt\/wp-content\/uploads\/2022\/12\/Imagem1-2-768x284.jpg 768w, https:\/\/www.spausa.pt\/wp-content\/uploads\/2022\/12\/Imagem1-2-1536x569.jpg 1536w, https:\/\/www.spausa.pt\/wp-content\/uploads\/2022\/12\/Imagem1-2-600x222.jpg 600w, https:\/\/www.spausa.pt\/wp-content\/uploads\/2022\/12\/Imagem1-2.jpg 1674w\" sizes=\"(max-width: 300px) 100vw, 300px\" \/><strong>Complementares<\/strong><\/p>\n<p style=\"font-weight: 400;\">Mime a sua pele de seguida com um creme ou \u00f3leo corporal da cole\u00e7\u00e3o SPAUSA.<\/p>\n<p>Sugest\u00f5es:<br \/>\nOuro Sublime Corporal\u00a0|\u00a0Creme Vinoterapia\u00a0|\u00a0\u00d3leo Vinoterapia\u00a0|\u00a0\u00d3leo Amaz\u00f3nico<\/p>","protected":false},"excerpt":{"rendered":"<p style=\"font-weight: 400;\">Refrescante gel esfoliante que tonifica, reafirma e estimula a pele, nutrindo-a e revitalizando-a instantaneamente, ao mesmo tempo que remove as impurezas e as c\u00e9lulas mortas da superf\u00edcie da pele, atrav\u00e9s de uma esfolia\u00e7\u00e3o delicada, para uma beleza e suavidade renovadas.<\/p>\n<p style=\"font-weight: 400;\">Embalagem: 250 ml | 8.4 fl. oz.<\/p>","protected":false},"featured_media":1482,"template":"","meta":{"site-sidebar-layout":"default","site-content-layout":"default","ast-site-content-layout":"","site-content-style":"default","site-sidebar-style":"default","ast-global-header-display":"","ast-banner-title-visibility":"","ast-main-header-display":"","ast-hfb-above-header-display":"","ast-hfb-below-header-display":"","ast-hfb-mobile-header-display":"","site-post-title":"","ast-breadcrumbs-content":"","ast-featured-img":"","footer-sml-layout":"","theme-transparent-header-meta":"default","adv-header-id-meta":"","stick-header-meta":"","header-above-stick-meta":"","header-main-stick-meta":"","header-below-stick-meta":"","astra-migrate-meta-layouts":"default","ast-page-background-enabled":"default","ast-page-background-meta":{"desktop":{"background-color":"var(--ast-global-color-4)","background-image":"","background-repeat":"repeat","background-position":"center center","background-size":"auto","background-attachment":"scroll","background-type":"","background-media":"","overlay-type":"","overlay-color":"","overlay-opacity":"","overlay-gradient":""},"tablet":{"background-color":"","background-image":"","background-repeat":"repeat","background-position":"center center","background-size":"auto","background-attachment":"scroll","background-type":"","background-media":"","overlay-type":"","overlay-color":"","overlay-opacity":"","overlay-gradient":""},"mobile":{"background-color":"","background-image":"","background-repeat":"repeat","background-position":"center center","background-size":"auto","background-attachment":"scroll","background-type":"","background-media":"","overlay-type":"","overlay-color":"","overlay-opacity":"","overlay-gradient":""}},"ast-content-background-meta":{"desktop":{"background-color":"var(--ast-global-color-5)","background-image":"","background-repeat":"repeat","background-position":"center center","background-size":"auto","background-attachment":"scroll","background-type":"","background-media":"","overlay-type":"","overlay-color":"","overlay-opacity":"","overlay-gradient":""},"tablet":{"background-color":"var(--ast-global-color-5)","background-image":"","background-repeat":"repeat","background-position":"center center","background-size":"auto","background-attachment":"scroll","background-type":"","background-media":"","overlay-type":"","overlay-color":"","overlay-opacity":"","overlay-gradient":""},"mobile":{"background-color":"var(--ast-global-color-5)","background-image":"","background-repeat":"repeat","background-position":"center center","background-size":"auto","background-attachment":"scroll","background-type":"","background-media":"","overlay-type":"","overlay-color":"","overlay-opacity":"","overlay-gradient":""}},"_themeisle_gutenberg_block_has_review":false},"product_brand":[],"product_cat":[39],"product_tag":[],"class_list":{"0":"post-1481","1":"product","2":"type-product","3":"status-publish","4":"has-post-thumbnail","6":"product_cat-linha-revitalizante","7":"desktop-align-left","8":"tablet-align-left","9":"mobile-align-left","11":"first","12":"outofstock","13":"shipping-taxable","14":"purchasable","15":"product-type-simple"},"yoast_head":"<!-- This site is optimized with the Yoast SEO plugin v27.1.1 - https:\/\/yoast.com\/product\/yoast-seo-wordpress\/ -->\n<title>Gel Esfoliante Vinoterapia - SPAUSA<\/title>\n<meta name=\"robots\" content=\"index, follow, max-snippet:-1, max-image-preview:large, max-video-preview:-1\" \/>\n<link rel=\"canonical\" href=\"https:\/\/www.spausa.pt\/_en\/product\/gel-esfoliante-vinoterapia\/\" \/>\n<meta property=\"og:locale\" content=\"en_GB\" \/>\n<meta property=\"og:type\" content=\"article\" \/>\n<meta property=\"og:title\" content=\"Gel Esfoliante Vinoterapia - SPAUSA\" \/>\n<meta property=\"og:description\" content=\"Refrescante gel esfoliante que tonifica, reafirma e estimula a pele, nutrindo-a e revitalizando-a instantaneamente, ao mesmo tempo que remove as impurezas e as c\u00e9lulas mortas da superf\u00edcie da pele, atrav\u00e9s de uma esfolia\u00e7\u00e3o delicada, para uma beleza e suavidade renovadas. Embalagem: 250 ml | 8.4 fl. oz.\" \/>\n<meta property=\"og:url\" content=\"https:\/\/www.spausa.pt\/_en\/product\/gel-esfoliante-vinoterapia\/\" \/>\n<meta property=\"og:site_name\" content=\"SPAUSA\" \/>\n<meta property=\"article:publisher\" content=\"https:\/\/www.facebook.com\/spausa.pt\" \/>\n<meta property=\"article:modified_time\" content=\"2024-08-08T11:37:27+00:00\" \/>\n<meta property=\"og:image\" content=\"https:\/\/www.spausa.pt\/wp-content\/uploads\/2022\/12\/esfoliante-vinoterapia1000x1000.jpeg\" \/>\n\t<meta property=\"og:image:width\" content=\"1000\" \/>\n\t<meta property=\"og:image:height\" content=\"1000\" \/>\n\t<meta property=\"og:image:type\" content=\"image\/jpeg\" \/>\n<meta name=\"twitter:card\" content=\"summary_large_image\" \/>\n<meta name=\"twitter:label1\" content=\"Estimated reading time\" \/>\n\t<meta name=\"twitter:data1\" content=\"1 minute\" \/>\n<script type=\"application\/ld+json\" class=\"yoast-schema-graph\">{\"@context\":\"https:\/\/schema.org\",\"@graph\":[{\"@type\":\"WebPage\",\"@id\":\"https:\/\/www.spausa.pt\/product\/gel-esfoliante-vinoterapia\/\",\"url\":\"https:\/\/www.spausa.pt\/product\/gel-esfoliante-vinoterapia\/\",\"name\":\"Gel Esfoliante Vinoterapia - SPAUSA\",\"isPartOf\":{\"@id\":\"https:\/\/www.spausa.pt\/#website\"},\"primaryImageOfPage\":{\"@id\":\"https:\/\/www.spausa.pt\/product\/gel-esfoliante-vinoterapia\/#primaryimage\"},\"image\":{\"@id\":\"https:\/\/www.spausa.pt\/product\/gel-esfoliante-vinoterapia\/#primaryimage\"},\"thumbnailUrl\":\"https:\/\/www.spausa.pt\/wp-content\/uploads\/2022\/12\/esfoliante-vinoterapia1000x1000.jpeg\",\"datePublished\":\"2022-12-12T12:02:35+00:00\",\"dateModified\":\"2024-08-08T11:37:27+00:00\",\"breadcrumb\":{\"@id\":\"https:\/\/www.spausa.pt\/product\/gel-esfoliante-vinoterapia\/#breadcrumb\"},\"inLanguage\":\"en-GB\",\"potentialAction\":[{\"@type\":\"ReadAction\",\"target\":[\"https:\/\/www.spausa.pt\/product\/gel-esfoliante-vinoterapia\/\"]}]},{\"@type\":\"ImageObject\",\"inLanguage\":\"en-GB\",\"@id\":\"https:\/\/www.spausa.pt\/product\/gel-esfoliante-vinoterapia\/#primaryimage\",\"url\":\"https:\/\/www.spausa.pt\/wp-content\/uploads\/2022\/12\/esfoliante-vinoterapia1000x1000.jpeg\",\"contentUrl\":\"https:\/\/www.spausa.pt\/wp-content\/uploads\/2022\/12\/esfoliante-vinoterapia1000x1000.jpeg\",\"width\":1000,\"height\":1000},{\"@type\":\"BreadcrumbList\",\"@id\":\"https:\/\/www.spausa.pt\/product\/gel-esfoliante-vinoterapia\/#breadcrumb\",\"itemListElement\":[{\"@type\":\"ListItem\",\"position\":1,\"name\":\"In\u00edcio\",\"item\":\"https:\/\/www.spausa.pt\/\"},{\"@type\":\"ListItem\",\"position\":2,\"name\":\"Shop\",\"item\":\"https:\/\/www.spausa.pt\/shop\/\"},{\"@type\":\"ListItem\",\"position\":3,\"name\":\"Gel Esfoliante Vinoterapia\"}]},{\"@type\":\"WebSite\",\"@id\":\"https:\/\/www.spausa.pt\/#website\",\"url\":\"https:\/\/www.spausa.pt\/\",\"name\":\"SPAUSA\",\"description\":\"Um Spa em sua Casa\",\"publisher\":{\"@id\":\"https:\/\/www.spausa.pt\/#organization\"},\"potentialAction\":[{\"@type\":\"SearchAction\",\"target\":{\"@type\":\"EntryPoint\",\"urlTemplate\":\"https:\/\/www.spausa.pt\/?s={search_term_string}\"},\"query-input\":{\"@type\":\"PropertyValueSpecification\",\"valueRequired\":true,\"valueName\":\"search_term_string\"}}],\"inLanguage\":\"en-GB\"},{\"@type\":\"Organization\",\"@id\":\"https:\/\/www.spausa.pt\/#organization\",\"name\":\"SPAUSA\",\"url\":\"https:\/\/www.spausa.pt\/\",\"logo\":{\"@type\":\"ImageObject\",\"inLanguage\":\"en-GB\",\"@id\":\"https:\/\/www.spausa.pt\/#\/schema\/logo\/image\/\",\"url\":\"https:\/\/www.spausa.pt\/wp-content\/uploads\/2022\/12\/cropped-LOGO-PRETO.png\",\"contentUrl\":\"https:\/\/www.spausa.pt\/wp-content\/uploads\/2022\/12\/cropped-LOGO-PRETO.png\",\"width\":2484,\"height\":762,\"caption\":\"SPAUSA\"},\"image\":{\"@id\":\"https:\/\/www.spausa.pt\/#\/schema\/logo\/image\/\"},\"sameAs\":[\"https:\/\/www.facebook.com\/spausa.pt\",\"https:\/\/www.instagram.com\/spausaportugal\/\",\"https:\/\/www.linkedin.com\/company\/spausalda\/\"]}]}<\/script>\n<!-- \/ Yoast SEO plugin. -->","yoast_head_json":{"title":"Gel Esfoliante Vinoterapia - SPAUSA","robots":{"index":"index","follow":"follow","max-snippet":"max-snippet:-1","max-image-preview":"max-image-preview:large","max-video-preview":"max-video-preview:-1"},"canonical":"https:\/\/www.spausa.pt\/_en\/product\/gel-esfoliante-vinoterapia\/","og_locale":"en_GB","og_type":"article","og_title":"Gel Esfoliante Vinoterapia - SPAUSA","og_description":"Refrescante gel esfoliante que tonifica, reafirma e estimula a pele, nutrindo-a e revitalizando-a instantaneamente, ao mesmo tempo que remove as impurezas e as c\u00e9lulas mortas da superf\u00edcie da pele, atrav\u00e9s de uma esfolia\u00e7\u00e3o delicada, para uma beleza e suavidade renovadas. Embalagem: 250 ml | 8.4 fl. oz.","og_url":"https:\/\/www.spausa.pt\/_en\/product\/gel-esfoliante-vinoterapia\/","og_site_name":"SPAUSA","article_publisher":"https:\/\/www.facebook.com\/spausa.pt","article_modified_time":"2024-08-08T11:37:27+00:00","og_image":[{"width":1000,"height":1000,"url":"https:\/\/www.spausa.pt\/wp-content\/uploads\/2022\/12\/esfoliante-vinoterapia1000x1000.jpeg","type":"image\/jpeg"}],"twitter_card":"summary_large_image","twitter_misc":{"Estimated reading time":"1 minute"},"schema":{"@context":"https:\/\/schema.org","@graph":[{"@type":"WebPage","@id":"https:\/\/www.spausa.pt\/product\/gel-esfoliante-vinoterapia\/","url":"https:\/\/www.spausa.pt\/product\/gel-esfoliante-vinoterapia\/","name":"Gel Esfoliante Vinoterapia - SPAUSA","isPartOf":{"@id":"https:\/\/www.spausa.pt\/#website"},"primaryImageOfPage":{"@id":"https:\/\/www.spausa.pt\/product\/gel-esfoliante-vinoterapia\/#primaryimage"},"image":{"@id":"https:\/\/www.spausa.pt\/product\/gel-esfoliante-vinoterapia\/#primaryimage"},"thumbnailUrl":"https:\/\/www.spausa.pt\/wp-content\/uploads\/2022\/12\/esfoliante-vinoterapia1000x1000.jpeg","datePublished":"2022-12-12T12:02:35+00:00","dateModified":"2024-08-08T11:37:27+00:00","breadcrumb":{"@id":"https:\/\/www.spausa.pt\/product\/gel-esfoliante-vinoterapia\/#breadcrumb"},"inLanguage":"en-GB","potentialAction":[{"@type":"ReadAction","target":["https:\/\/www.spausa.pt\/product\/gel-esfoliante-vinoterapia\/"]}]},{"@type":"ImageObject","inLanguage":"en-GB","@id":"https:\/\/www.spausa.pt\/product\/gel-esfoliante-vinoterapia\/#primaryimage","url":"https:\/\/www.spausa.pt\/wp-content\/uploads\/2022\/12\/esfoliante-vinoterapia1000x1000.jpeg","contentUrl":"https:\/\/www.spausa.pt\/wp-content\/uploads\/2022\/12\/esfoliante-vinoterapia1000x1000.jpeg","width":1000,"height":1000},{"@type":"BreadcrumbList","@id":"https:\/\/www.spausa.pt\/product\/gel-esfoliante-vinoterapia\/#breadcrumb","itemListElement":[{"@type":"ListItem","position":1,"name":"In\u00edcio","item":"https:\/\/www.spausa.pt\/"},{"@type":"ListItem","position":2,"name":"Shop","item":"https:\/\/www.spausa.pt\/shop\/"},{"@type":"ListItem","position":3,"name":"Gel Esfoliante Vinoterapia"}]},{"@type":"WebSite","@id":"https:\/\/www.spausa.pt\/#website","url":"https:\/\/www.spausa.pt\/","name":"SPAUSA","description":"Um Spa em sua Casa","publisher":{"@id":"https:\/\/www.spausa.pt\/#organization"},"potentialAction":[{"@type":"SearchAction","target":{"@type":"EntryPoint","urlTemplate":"https:\/\/www.spausa.pt\/?s={search_term_string}"},"query-input":{"@type":"PropertyValueSpecification","valueRequired":true,"valueName":"search_term_string"}}],"inLanguage":"en-GB"},{"@type":"Organization","@id":"https:\/\/www.spausa.pt\/#organization","name":"SPAUSA","url":"https:\/\/www.spausa.pt\/","logo":{"@type":"ImageObject","inLanguage":"en-GB","@id":"https:\/\/www.spausa.pt\/#\/schema\/logo\/image\/","url":"https:\/\/www.spausa.pt\/wp-content\/uploads\/2022\/12\/cropped-LOGO-PRETO.png","contentUrl":"https:\/\/www.spausa.pt\/wp-content\/uploads\/2022\/12\/cropped-LOGO-PRETO.png","width":2484,"height":762,"caption":"SPAUSA"},"image":{"@id":"https:\/\/www.spausa.pt\/#\/schema\/logo\/image\/"},"sameAs":["https:\/\/www.facebook.com\/spausa.pt","https:\/\/www.instagram.com\/spausaportugal\/","https:\/\/www.linkedin.com\/company\/spausalda\/"]}]}},"_links":{"self":[{"href":"https:\/\/www.spausa.pt\/_en\/wp-json\/wp\/v2\/product\/1481","targetHints":{"allow":["GET"]}}],"collection":[{"href":"https:\/\/www.spausa.pt\/_en\/wp-json\/wp\/v2\/product"}],"about":[{"href":"https:\/\/www.spausa.pt\/_en\/wp-json\/wp\/v2\/types\/product"}],"wp:featuredmedia":[{"embeddable":true,"href":"https:\/\/www.spausa.pt\/_en\/wp-json\/wp\/v2\/media\/1482"}],"wp:attachment":[{"href":"https:\/\/www.spausa.pt\/_en\/wp-json\/wp\/v2\/media?parent=1481"}],"wp:term":[{"taxonomy":"product_brand","embeddable":true,"href":"https:\/\/www.spausa.pt\/_en\/wp-json\/wp\/v2\/product_brand?post=1481"},{"taxonomy":"product_cat","embeddable":true,"href":"https:\/\/www.spausa.pt\/_en\/wp-json\/wp\/v2\/product_cat?post=1481"},{"taxonomy":"product_tag","embeddable":true,"href":"https:\/\/www.spausa.pt\/_en\/wp-json\/wp\/v2\/product_tag?post=1481"}],"curies":[{"name":"wp","href":"https:\/\/api.w.org\/{rel}","templated":true}]}}