{"id":1778,"date":"2022-12-13T17:18:27","date_gmt":"2022-12-13T17:18:27","guid":{"rendered":"https:\/\/www.spausa.pt\/?page_id=1778"},"modified":"2023-01-11T15:26:10","modified_gmt":"2023-01-11T15:26:10","slug":"adelgacante","status":"publish","type":"page","link":"https:\/\/www.spausa.pt\/_en\/adelgacante\/","title":{"rendered":"Slimming"},"content":{"rendered":"\t\t<div data-elementor-type=\"wp-page\" data-elementor-id=\"1778\" class=\"elementor elementor-1778\" data-elementor-post-type=\"page\">\n\t\t\t\t\t\t<section class=\"elementor-section elementor-top-section elementor-element elementor-element-c72b304 elementor-section-full_width elementor-section-height-min-height elementor-section-items-stretch elementor-section-content-middle elementor-reverse-tablet elementor-reverse-mobile elementor-section-stretched elementor-section-height-default\" data-id=\"c72b304\" data-element_type=\"section\" data-e-type=\"section\" data-settings=\"{&quot;background_background&quot;:&quot;gradient&quot;,&quot;stretch_section&quot;:&quot;section-stretched&quot;}\">\n\t\t\t\t\t\t<div class=\"elementor-container elementor-column-gap-no\">\n\t\t\t\t\t<div class=\"elementor-column elementor-col-50 elementor-top-column elementor-element elementor-element-10ab7ec\" data-id=\"10ab7ec\" data-element_type=\"column\" data-e-type=\"column\">\n\t\t\t<div class=\"elementor-widget-wrap elementor-element-populated\">\n\t\t\t\t\t\t<div class=\"elementor-element elementor-element-9282ec5 elementor-invisible elementor-widget elementor-widget-image\" data-id=\"9282ec5\" data-element_type=\"widget\" data-e-type=\"widget\" data-settings=\"{&quot;motion_fx_motion_fx_scrolling&quot;:&quot;yes&quot;,&quot;motion_fx_translateY_effect&quot;:&quot;yes&quot;,&quot;motion_fx_translateY_direction&quot;:&quot;negative&quot;,&quot;motion_fx_translateY_speed&quot;:{&quot;unit&quot;:&quot;px&quot;,&quot;size&quot;:1.5,&quot;sizes&quot;:[]},&quot;_animation&quot;:&quot;slideInLeft&quot;,&quot;motion_fx_translateY_affectedRange&quot;:{&quot;unit&quot;:&quot;%&quot;,&quot;size&quot;:&quot;&quot;,&quot;sizes&quot;:{&quot;start&quot;:0,&quot;end&quot;:100}},&quot;motion_fx_devices&quot;:[&quot;desktop&quot;,&quot;tablet&quot;,&quot;mobile&quot;]}\" data-widget_type=\"image.default\">\n\t\t\t\t<div class=\"elementor-widget-container\">\n\t\t\t\t\t\t\t\t\t\t\t\t\t\t\t<img fetchpriority=\"high\" decoding=\"async\" width=\"728\" height=\"1024\" src=\"https:\/\/www.spausa.pt\/wp-content\/uploads\/2022\/12\/IMG_27874-728x1024.png\" class=\"attachment-large size-large wp-image-1780\" alt=\"\" srcset=\"https:\/\/www.spausa.pt\/wp-content\/uploads\/2022\/12\/IMG_27874-728x1024.png 728w, https:\/\/www.spausa.pt\/wp-content\/uploads\/2022\/12\/IMG_27874-213x300.png 213w, https:\/\/www.spausa.pt\/wp-content\/uploads\/2022\/12\/IMG_27874-768x1080.png 768w, https:\/\/www.spausa.pt\/wp-content\/uploads\/2022\/12\/IMG_27874-1093x1536.png 1093w, https:\/\/www.spausa.pt\/wp-content\/uploads\/2022\/12\/IMG_27874-600x844.png 600w, https:\/\/www.spausa.pt\/wp-content\/uploads\/2022\/12\/IMG_27874.png 1286w\" sizes=\"(max-width: 728px) 100vw, 728px\" \/>\t\t\t\t\t\t\t\t\t\t\t\t\t\t\t<\/div>\n\t\t\t\t<\/div>\n\t\t\t\t\t<\/div>\n\t\t<\/div>\n\t\t\t\t<div class=\"elementor-column elementor-col-50 elementor-top-column elementor-element elementor-element-fd3fa74\" data-id=\"fd3fa74\" data-element_type=\"column\" data-e-type=\"column\">\n\t\t\t<div class=\"elementor-widget-wrap elementor-element-populated\">\n\t\t\t\t\t\t<div class=\"elementor-element elementor-element-981747c animated-slow elementor-invisible elementor-widget elementor-widget-heading\" data-id=\"981747c\" data-element_type=\"widget\" data-e-type=\"widget\" data-settings=\"{&quot;_animation&quot;:&quot;fadeIn&quot;}\" data-widget_type=\"heading.default\">\n\t\t\t\t<div class=\"elementor-widget-container\">\n\t\t\t\t\t<h2 class=\"elementor-heading-title elementor-size-default\">Linha Adelga\u00e7ante<\/h2>\t\t\t\t<\/div>\n\t\t\t\t<\/div>\n\t\t\t\t<div class=\"elementor-element elementor-element-a9bc578 elementor-invisible elementor-widget elementor-widget-text-editor\" data-id=\"a9bc578\" data-element_type=\"widget\" data-e-type=\"widget\" data-settings=\"{&quot;_animation&quot;:&quot;fadeIn&quot;,&quot;_animation_delay&quot;:200}\" data-widget_type=\"text-editor.default\">\n\t\t\t\t<div class=\"elementor-widget-container\">\n\t\t\t\t\t\t\t\t\t<div>\n<p>A<span class=\"apple-converted-space\">\u00a0<\/span>Linha Adelga\u00e7ante<span class=\"apple-converted-space\">\u00a0<\/span>SPAUSA foi desenvolvida para oferecer ao seu corpo, um eficaz tratamento cosm\u00e9tico da celulite, com resultados vis\u00edveis e comprovados, atuando ainda ao n\u00edvel da sua preven\u00e7\u00e3o, para uma pele perfeita, mais lisa e uniforme.<br \/><br \/>Com diversas sensa\u00e7\u00f5es arom\u00e1ticas e f\u00edsicas, os seus produtos cont\u00eam \u00a0princ\u00edpios ativos que\u00a0potenciam uma forte a\u00e7\u00e3o redutora e adelga\u00e7ante e uma maior firmeza e tonifica\u00e7\u00e3o da pele.<br \/><br \/>As suas f\u00f3rmulas incluem ainda \u00f3leos naturais (\u00d3leos de<span class=\"apple-converted-space\">\u00a0<\/span>A\u00e7a\u00ed<span class=\"apple-converted-space\">\u00a0<\/span>e<span class=\"apple-converted-space\">\u00a0<\/span>Buriti<span class=\"apple-converted-space\">\u00a0<\/span>e \u00d3leos Essenciais de Hortel\u00e3-Pimenta, Cipreste, Zimbro e S\u00e1lvia) e ingredientes de origem vegetal e marinha (Castanha da \u00cdndia, Hera, Fucus e Sal Marinho), que agem em sinergia para refirmar, fortalecer e energizar a sua pele.<\/p>\n<\/div>\t\t\t\t\t\t\t\t<\/div>\n\t\t\t\t<\/div>\n\t\t\t\t\t<\/div>\n\t\t<\/div>\n\t\t\t\t\t<\/div>\n\t\t<\/section>\n\t\t\t\t<section class=\"elementor-section elementor-top-section elementor-element elementor-element-fbbc642 elementor-section-boxed elementor-section-height-default elementor-section-height-default\" data-id=\"fbbc642\" data-element_type=\"section\" data-e-type=\"section\" data-settings=\"{&quot;background_background&quot;:&quot;classic&quot;}\">\n\t\t\t\t\t\t<div class=\"elementor-container elementor-column-gap-default\">\n\t\t\t\t\t<div class=\"elementor-column elementor-col-100 elementor-top-column elementor-element elementor-element-6d242cf\" data-id=\"6d242cf\" data-element_type=\"column\" data-e-type=\"column\" data-settings=\"{&quot;background_background&quot;:&quot;classic&quot;}\">\n\t\t\t<div class=\"elementor-widget-wrap elementor-element-populated\">\n\t\t\t\t\t\t<div class=\"elementor-element elementor-element-628c9ec elementor-product-loop-item--align-left elementor-grid-4 elementor-grid-tablet-3 elementor-grid-mobile-2 elementor-products-grid elementor-wc-products elementor-widget elementor-widget-woocommerce-products\" data-id=\"628c9ec\" data-element_type=\"widget\" data-e-type=\"widget\" data-widget_type=\"woocommerce-products.default\">\n\t\t\t\t<div class=\"elementor-widget-container\">\n\t\t\t\t\t<div class=\"woocommerce columns-4 \"><ul class=\"products elementor-grid columns-4\">\n<li class=\"desktop-align-left tablet-align-left mobile-align-left product type-product post-1507 status-publish first instock product_cat-linha-adelgacante has-post-thumbnail shipping-taxable purchasable product-type-simple\">\n\t<a href=\"https:\/\/www.spausa.pt\/_en\/product\/gel-termico-inov\/\" class=\"woocommerce-LoopProduct-link woocommerce-loop-product__link\"><img decoding=\"async\" width=\"300\" height=\"300\" src=\"https:\/\/www.spausa.pt\/wp-content\/uploads\/2022\/12\/gel-termico-inov1000x1000-300x300.jpeg\" class=\"attachment-woocommerce_thumbnail size-woocommerce_thumbnail\" alt=\"Gel T\u00e9rmico Inov\" srcset=\"https:\/\/www.spausa.pt\/wp-content\/uploads\/2022\/12\/gel-termico-inov1000x1000-300x300.jpeg 300w, https:\/\/www.spausa.pt\/wp-content\/uploads\/2022\/12\/gel-termico-inov1000x1000-150x150.jpeg 150w, https:\/\/www.spausa.pt\/wp-content\/uploads\/2022\/12\/gel-termico-inov1000x1000-768x768.jpeg 768w, https:\/\/www.spausa.pt\/wp-content\/uploads\/2022\/12\/gel-termico-inov1000x1000-600x600.jpeg 600w, https:\/\/www.spausa.pt\/wp-content\/uploads\/2022\/12\/gel-termico-inov1000x1000-100x100.jpeg 100w, https:\/\/www.spausa.pt\/wp-content\/uploads\/2022\/12\/gel-termico-inov1000x1000.jpeg 1000w\" sizes=\"(max-width: 300px) 100vw, 300px\" \/><h2 class=\"woocommerce-loop-product__title\">Gel T\u00e9rmico Inov<\/h2>\n\t<span class=\"price\"><span class=\"woocommerce-Price-amount amount\"><bdi>26.90<span class=\"woocommerce-Price-currencySymbol\">&euro;<\/span><\/bdi><\/span><\/span>\n<\/a><div class=\"woocommerce-loop-product__buttons\"><a href=\"\/_en\/wp-json\/wp\/v2\/pages\/1778?add-to-cart=1507\" aria-describedby=\"woocommerce_loop_add_to_cart_link_describedby_1507\" data-quantity=\"1\" class=\"button product_type_simple add_to_cart_button ajax_add_to_cart\" data-product_id=\"1507\" data-product_sku=\"1233\" aria-label=\"Add to basket: &ldquo;Gel T\u00e9rmico Inov&rdquo;\" rel=\"nofollow\" data-success_message=\"&ldquo;Gel T\u00e9rmico Inov&rdquo; has been added to your cart\" role=\"button\">Add to basket<\/a><\/div>\t<span id=\"woocommerce_loop_add_to_cart_link_describedby_1507\" class=\"screen-reader-text\">\n\t\t\t<\/span>\n<\/li>\n<li class=\"desktop-align-left tablet-align-left mobile-align-left product type-product post-1503 status-publish outofstock product_cat-linha-adelgacante has-post-thumbnail shipping-taxable purchasable product-type-simple\">\n\t<a href=\"https:\/\/www.spausa.pt\/_en\/product\/gel-hipotermico-inov\/\" class=\"woocommerce-LoopProduct-link woocommerce-loop-product__link\"><img decoding=\"async\" width=\"300\" height=\"300\" src=\"https:\/\/www.spausa.pt\/wp-content\/uploads\/2022\/12\/gel-hipotermico-inov1000x1000-300x300.jpeg\" class=\"attachment-woocommerce_thumbnail size-woocommerce_thumbnail\" alt=\"Gel Hipot\u00e9rmico Inov\" srcset=\"https:\/\/www.spausa.pt\/wp-content\/uploads\/2022\/12\/gel-hipotermico-inov1000x1000-300x300.jpeg 300w, https:\/\/www.spausa.pt\/wp-content\/uploads\/2022\/12\/gel-hipotermico-inov1000x1000-150x150.jpeg 150w, https:\/\/www.spausa.pt\/wp-content\/uploads\/2022\/12\/gel-hipotermico-inov1000x1000-768x768.jpeg 768w, https:\/\/www.spausa.pt\/wp-content\/uploads\/2022\/12\/gel-hipotermico-inov1000x1000-600x600.jpeg 600w, https:\/\/www.spausa.pt\/wp-content\/uploads\/2022\/12\/gel-hipotermico-inov1000x1000-100x100.jpeg 100w, https:\/\/www.spausa.pt\/wp-content\/uploads\/2022\/12\/gel-hipotermico-inov1000x1000.jpeg 1000w\" sizes=\"(max-width: 300px) 100vw, 300px\" \/><h2 class=\"woocommerce-loop-product__title\">Gel Hipot\u00e9rmico Inov<\/h2>\n\t<span class=\"price\"><span class=\"woocommerce-Price-amount amount\"><bdi>27.80<span class=\"woocommerce-Price-currencySymbol\">&euro;<\/span><\/bdi><\/span><\/span>\n<\/a><div class=\"woocommerce-loop-product__buttons\"><a href=\"https:\/\/www.spausa.pt\/_en\/product\/gel-hipotermico-inov\/\" aria-describedby=\"woocommerce_loop_add_to_cart_link_describedby_1503\" data-quantity=\"1\" class=\"button product_type_simple\" data-product_id=\"1503\" data-product_sku=\"1232\" aria-label=\"Read more about &ldquo;Gel Hipot\u00e9rmico Inov&rdquo;\" rel=\"nofollow\" data-success_message=\"\">Read more<\/a><\/div>\t<span id=\"woocommerce_loop_add_to_cart_link_describedby_1503\" class=\"screen-reader-text\">\n\t\t\t<\/span>\n<\/li>\n<li class=\"desktop-align-left tablet-align-left mobile-align-left product type-product post-1493 status-publish outofstock product_cat-linha-adelgacante has-post-thumbnail shipping-taxable purchasable product-type-simple\">\n\t<a href=\"https:\/\/www.spausa.pt\/_en\/product\/creme-chocolate-liporedutor\/\" class=\"woocommerce-LoopProduct-link woocommerce-loop-product__link\"><img loading=\"lazy\" decoding=\"async\" width=\"300\" height=\"300\" src=\"https:\/\/www.spausa.pt\/wp-content\/uploads\/2022\/12\/creme-chocolate-liporedutor-1000x1000-1-300x300.jpeg\" class=\"attachment-woocommerce_thumbnail size-woocommerce_thumbnail\" alt=\"Creme Chocolate Liporedutor\" srcset=\"https:\/\/www.spausa.pt\/wp-content\/uploads\/2022\/12\/creme-chocolate-liporedutor-1000x1000-1-300x300.jpeg 300w, https:\/\/www.spausa.pt\/wp-content\/uploads\/2022\/12\/creme-chocolate-liporedutor-1000x1000-1-150x150.jpeg 150w, https:\/\/www.spausa.pt\/wp-content\/uploads\/2022\/12\/creme-chocolate-liporedutor-1000x1000-1-768x768.jpeg 768w, https:\/\/www.spausa.pt\/wp-content\/uploads\/2022\/12\/creme-chocolate-liporedutor-1000x1000-1-600x600.jpeg 600w, https:\/\/www.spausa.pt\/wp-content\/uploads\/2022\/12\/creme-chocolate-liporedutor-1000x1000-1-100x100.jpeg 100w, https:\/\/www.spausa.pt\/wp-content\/uploads\/2022\/12\/creme-chocolate-liporedutor-1000x1000-1.jpeg 1000w\" sizes=\"(max-width: 300px) 100vw, 300px\" \/><h2 class=\"woocommerce-loop-product__title\">Creme Chocolate Liporedutor<\/h2>\n\t<span class=\"price\"><span class=\"woocommerce-Price-amount amount\"><bdi>31.80<span class=\"woocommerce-Price-currencySymbol\">&euro;<\/span><\/bdi><\/span><\/span>\n<\/a><div class=\"woocommerce-loop-product__buttons\"><a href=\"https:\/\/www.spausa.pt\/_en\/product\/creme-chocolate-liporedutor\/\" aria-describedby=\"woocommerce_loop_add_to_cart_link_describedby_1493\" data-quantity=\"1\" class=\"button product_type_simple\" data-product_id=\"1493\" data-product_sku=\"1231\" aria-label=\"Read more about &ldquo;Creme Chocolate Liporedutor&rdquo;\" rel=\"nofollow\" data-success_message=\"\">Read more<\/a><\/div>\t<span id=\"woocommerce_loop_add_to_cart_link_describedby_1493\" class=\"screen-reader-text\">\n\t\t\t<\/span>\n<\/li>\n<\/ul>\n<\/div>\t\t\t\t<\/div>\n\t\t\t\t<\/div>\n\t\t\t\t\t<\/div>\n\t\t<\/div>\n\t\t\t\t\t<\/div>\n\t\t<\/section>\n\t\t\t\t<\/div>\n\t\t","protected":false},"excerpt":{"rendered":"<p>Linha Adelga\u00e7ante A&nbsp;Linha Adelga\u00e7ante&nbsp;SPAUSA foi desenvolvida para oferecer ao seu corpo, um eficaz tratamento cosm\u00e9tico da celulite, com resultados vis\u00edveis e comprovados, atuando ainda ao n\u00edvel da sua preven\u00e7\u00e3o, para uma pele perfeita, mais lisa e uniforme. Com diversas sensa\u00e7\u00f5es arom\u00e1ticas e f\u00edsicas, os seus produtos cont\u00eam &nbsp;princ\u00edpios ativos que&nbsp;potenciam uma forte a\u00e7\u00e3o redutora e [&hellip;]<\/p>\n","protected":false},"author":1,"featured_media":0,"parent":0,"menu_order":0,"comment_status":"closed","ping_status":"closed","template":"elementor_header_footer","meta":{"site-sidebar-layout":"default","site-content-layout":"","ast-site-content-layout":"","site-content-style":"default","site-sidebar-style":"default","ast-global-header-display":"","ast-banner-title-visibility":"","ast-main-header-display":"","ast-hfb-above-header-display":"","ast-hfb-below-header-display":"","ast-hfb-mobile-header-display":"","site-post-title":"","ast-breadcrumbs-content":"","ast-featured-img":"","footer-sml-layout":"","theme-transparent-header-meta":"","adv-header-id-meta":"","stick-header-meta":"","header-above-stick-meta":"","header-main-stick-meta":"","header-below-stick-meta":"","astra-migrate-meta-layouts":"default","ast-page-background-enabled":"default","ast-page-background-meta":{"desktop":{"background-color":"var(--ast-global-color-4)","background-image":"","background-repeat":"repeat","background-position":"center center","background-size":"auto","background-attachment":"scroll","background-type":"","background-media":"","overlay-type":"","overlay-color":"","overlay-opacity":"","overlay-gradient":""},"tablet":{"background-color":"","background-image":"","background-repeat":"repeat","background-position":"center center","background-size":"auto","background-attachment":"scroll","background-type":"","background-media":"","overlay-type":"","overlay-color":"","overlay-opacity":"","overlay-gradient":""},"mobile":{"background-color":"","background-image":"","background-repeat":"repeat","background-position":"center center","background-size":"auto","background-attachment":"scroll","background-type":"","background-media":"","overlay-type":"","overlay-color":"","overlay-opacity":"","overlay-gradient":""}},"ast-content-background-meta":{"desktop":{"background-color":"var(--ast-global-color-5)","background-image":"","background-repeat":"repeat","background-position":"center center","background-size":"auto","background-attachment":"scroll","background-type":"","background-media":"","overlay-type":"","overlay-color":"","overlay-opacity":"","overlay-gradient":""},"tablet":{"background-color":"var(--ast-global-color-5)","background-image":"","background-repeat":"repeat","background-position":"center center","background-size":"auto","background-attachment":"scroll","background-type":"","background-media":"","overlay-type":"","overlay-color":"","overlay-opacity":"","overlay-gradient":""},"mobile":{"background-color":"var(--ast-global-color-5)","background-image":"","background-repeat":"repeat","background-position":"center center","background-size":"auto","background-attachment":"scroll","background-type":"","background-media":"","overlay-type":"","overlay-color":"","overlay-opacity":"","overlay-gradient":""}},"_themeisle_gutenberg_block_has_review":false,"footnotes":""},"class_list":["post-1778","page","type-page","status-publish","hentry"],"yoast_head":"<!-- This site is optimized with the Yoast SEO plugin v27.1.1 - https:\/\/yoast.com\/product\/yoast-seo-wordpress\/ -->\n<title>Adelga\u00e7ante - SPAUSA<\/title>\n<meta name=\"description\" content=\"A Linha Adelga\u00e7ante SPAUSA foi desenvolvida para oferecer ao seu corpo, um eficaz tratamento contra a celulite para uma pele perfeita.\" \/>\n<meta name=\"robots\" content=\"index, follow, max-snippet:-1, max-image-preview:large, max-video-preview:-1\" \/>\n<link rel=\"canonical\" href=\"https:\/\/www.spausa.pt\/_en\/adelgacante\/\" \/>\n<meta property=\"og:locale\" content=\"en_GB\" \/>\n<meta property=\"og:type\" content=\"article\" \/>\n<meta property=\"og:title\" content=\"Adelga\u00e7ante - SPAUSA\" \/>\n<meta property=\"og:description\" content=\"A Linha Adelga\u00e7ante SPAUSA foi desenvolvida para oferecer ao seu corpo, um eficaz tratamento contra a celulite para uma pele perfeita.\" \/>\n<meta property=\"og:url\" content=\"https:\/\/www.spausa.pt\/_en\/adelgacante\/\" \/>\n<meta property=\"og:site_name\" content=\"SPAUSA\" \/>\n<meta property=\"article:publisher\" content=\"https:\/\/www.facebook.com\/spausa.pt\" \/>\n<meta property=\"article:modified_time\" content=\"2023-01-11T15:26:10+00:00\" \/>\n<meta property=\"og:image\" content=\"https:\/\/www.spausa.pt\/wp-content\/uploads\/2022\/12\/IMG_27874-728x1024.png\" \/>\n<meta name=\"twitter:card\" content=\"summary_large_image\" \/>\n<meta name=\"twitter:label1\" content=\"Estimated reading time\" \/>\n\t<meta name=\"twitter:data1\" content=\"1 minute\" \/>\n<script type=\"application\/ld+json\" class=\"yoast-schema-graph\">{\"@context\":\"https:\/\/schema.org\",\"@graph\":[{\"@type\":\"WebPage\",\"@id\":\"https:\/\/www.spausa.pt\/adelgacante\/\",\"url\":\"https:\/\/www.spausa.pt\/adelgacante\/\",\"name\":\"Adelga\u00e7ante - SPAUSA\",\"isPartOf\":{\"@id\":\"https:\/\/www.spausa.pt\/#website\"},\"primaryImageOfPage\":{\"@id\":\"https:\/\/www.spausa.pt\/adelgacante\/#primaryimage\"},\"image\":{\"@id\":\"https:\/\/www.spausa.pt\/adelgacante\/#primaryimage\"},\"thumbnailUrl\":\"https:\/\/www.spausa.pt\/wp-content\/uploads\/2022\/12\/IMG_27874-728x1024.png\",\"datePublished\":\"2022-12-13T17:18:27+00:00\",\"dateModified\":\"2023-01-11T15:26:10+00:00\",\"description\":\"A Linha Adelga\u00e7ante SPAUSA foi desenvolvida para oferecer ao seu corpo, um eficaz tratamento contra a celulite para uma pele perfeita.\",\"breadcrumb\":{\"@id\":\"https:\/\/www.spausa.pt\/adelgacante\/#breadcrumb\"},\"inLanguage\":\"en-GB\",\"potentialAction\":[{\"@type\":\"ReadAction\",\"target\":[\"https:\/\/www.spausa.pt\/adelgacante\/\"]}]},{\"@type\":\"ImageObject\",\"inLanguage\":\"en-GB\",\"@id\":\"https:\/\/www.spausa.pt\/adelgacante\/#primaryimage\",\"url\":\"https:\/\/www.spausa.pt\/wp-content\/uploads\/2022\/12\/IMG_27874-728x1024.png\",\"contentUrl\":\"https:\/\/www.spausa.pt\/wp-content\/uploads\/2022\/12\/IMG_27874-728x1024.png\"},{\"@type\":\"BreadcrumbList\",\"@id\":\"https:\/\/www.spausa.pt\/adelgacante\/#breadcrumb\",\"itemListElement\":[{\"@type\":\"ListItem\",\"position\":1,\"name\":\"In\u00edcio\",\"item\":\"https:\/\/www.spausa.pt\/\"},{\"@type\":\"ListItem\",\"position\":2,\"name\":\"Adelga\u00e7ante\"}]},{\"@type\":\"WebSite\",\"@id\":\"https:\/\/www.spausa.pt\/#website\",\"url\":\"https:\/\/www.spausa.pt\/\",\"name\":\"SPAUSA\",\"description\":\"Um Spa em sua Casa\",\"publisher\":{\"@id\":\"https:\/\/www.spausa.pt\/#organization\"},\"potentialAction\":[{\"@type\":\"SearchAction\",\"target\":{\"@type\":\"EntryPoint\",\"urlTemplate\":\"https:\/\/www.spausa.pt\/?s={search_term_string}\"},\"query-input\":{\"@type\":\"PropertyValueSpecification\",\"valueRequired\":true,\"valueName\":\"search_term_string\"}}],\"inLanguage\":\"en-GB\"},{\"@type\":\"Organization\",\"@id\":\"https:\/\/www.spausa.pt\/#organization\",\"name\":\"SPAUSA\",\"url\":\"https:\/\/www.spausa.pt\/\",\"logo\":{\"@type\":\"ImageObject\",\"inLanguage\":\"en-GB\",\"@id\":\"https:\/\/www.spausa.pt\/#\/schema\/logo\/image\/\",\"url\":\"https:\/\/www.spausa.pt\/wp-content\/uploads\/2022\/12\/cropped-LOGO-PRETO.png\",\"contentUrl\":\"https:\/\/www.spausa.pt\/wp-content\/uploads\/2022\/12\/cropped-LOGO-PRETO.png\",\"width\":2484,\"height\":762,\"caption\":\"SPAUSA\"},\"image\":{\"@id\":\"https:\/\/www.spausa.pt\/#\/schema\/logo\/image\/\"},\"sameAs\":[\"https:\/\/www.facebook.com\/spausa.pt\",\"https:\/\/www.instagram.com\/spausaportugal\/\",\"https:\/\/www.linkedin.com\/company\/spausalda\/\"]}]}<\/script>\n<!-- \/ Yoast SEO plugin. -->","yoast_head_json":{"title":"Adelga\u00e7ante - SPAUSA","description":"A Linha Adelga\u00e7ante SPAUSA foi desenvolvida para oferecer ao seu corpo, um eficaz tratamento contra a celulite para uma pele perfeita.","robots":{"index":"index","follow":"follow","max-snippet":"max-snippet:-1","max-image-preview":"max-image-preview:large","max-video-preview":"max-video-preview:-1"},"canonical":"https:\/\/www.spausa.pt\/_en\/adelgacante\/","og_locale":"en_GB","og_type":"article","og_title":"Adelga\u00e7ante - SPAUSA","og_description":"A Linha Adelga\u00e7ante SPAUSA foi desenvolvida para oferecer ao seu corpo, um eficaz tratamento contra a celulite para uma pele perfeita.","og_url":"https:\/\/www.spausa.pt\/_en\/adelgacante\/","og_site_name":"SPAUSA","article_publisher":"https:\/\/www.facebook.com\/spausa.pt","article_modified_time":"2023-01-11T15:26:10+00:00","og_image":[{"url":"https:\/\/www.spausa.pt\/wp-content\/uploads\/2022\/12\/IMG_27874-728x1024.png","type":"","width":"","height":""}],"twitter_card":"summary_large_image","twitter_misc":{"Estimated reading time":"1 minute"},"schema":{"@context":"https:\/\/schema.org","@graph":[{"@type":"WebPage","@id":"https:\/\/www.spausa.pt\/adelgacante\/","url":"https:\/\/www.spausa.pt\/adelgacante\/","name":"Adelga\u00e7ante - SPAUSA","isPartOf":{"@id":"https:\/\/www.spausa.pt\/#website"},"primaryImageOfPage":{"@id":"https:\/\/www.spausa.pt\/adelgacante\/#primaryimage"},"image":{"@id":"https:\/\/www.spausa.pt\/adelgacante\/#primaryimage"},"thumbnailUrl":"https:\/\/www.spausa.pt\/wp-content\/uploads\/2022\/12\/IMG_27874-728x1024.png","datePublished":"2022-12-13T17:18:27+00:00","dateModified":"2023-01-11T15:26:10+00:00","description":"A Linha Adelga\u00e7ante SPAUSA foi desenvolvida para oferecer ao seu corpo, um eficaz tratamento contra a celulite para uma pele perfeita.","breadcrumb":{"@id":"https:\/\/www.spausa.pt\/adelgacante\/#breadcrumb"},"inLanguage":"en-GB","potentialAction":[{"@type":"ReadAction","target":["https:\/\/www.spausa.pt\/adelgacante\/"]}]},{"@type":"ImageObject","inLanguage":"en-GB","@id":"https:\/\/www.spausa.pt\/adelgacante\/#primaryimage","url":"https:\/\/www.spausa.pt\/wp-content\/uploads\/2022\/12\/IMG_27874-728x1024.png","contentUrl":"https:\/\/www.spausa.pt\/wp-content\/uploads\/2022\/12\/IMG_27874-728x1024.png"},{"@type":"BreadcrumbList","@id":"https:\/\/www.spausa.pt\/adelgacante\/#breadcrumb","itemListElement":[{"@type":"ListItem","position":1,"name":"In\u00edcio","item":"https:\/\/www.spausa.pt\/"},{"@type":"ListItem","position":2,"name":"Adelga\u00e7ante"}]},{"@type":"WebSite","@id":"https:\/\/www.spausa.pt\/#website","url":"https:\/\/www.spausa.pt\/","name":"SPAUSA","description":"Um Spa em sua Casa","publisher":{"@id":"https:\/\/www.spausa.pt\/#organization"},"potentialAction":[{"@type":"SearchAction","target":{"@type":"EntryPoint","urlTemplate":"https:\/\/www.spausa.pt\/?s={search_term_string}"},"query-input":{"@type":"PropertyValueSpecification","valueRequired":true,"valueName":"search_term_string"}}],"inLanguage":"en-GB"},{"@type":"Organization","@id":"https:\/\/www.spausa.pt\/#organization","name":"SPAUSA","url":"https:\/\/www.spausa.pt\/","logo":{"@type":"ImageObject","inLanguage":"en-GB","@id":"https:\/\/www.spausa.pt\/#\/schema\/logo\/image\/","url":"https:\/\/www.spausa.pt\/wp-content\/uploads\/2022\/12\/cropped-LOGO-PRETO.png","contentUrl":"https:\/\/www.spausa.pt\/wp-content\/uploads\/2022\/12\/cropped-LOGO-PRETO.png","width":2484,"height":762,"caption":"SPAUSA"},"image":{"@id":"https:\/\/www.spausa.pt\/#\/schema\/logo\/image\/"},"sameAs":["https:\/\/www.facebook.com\/spausa.pt","https:\/\/www.instagram.com\/spausaportugal\/","https:\/\/www.linkedin.com\/company\/spausalda\/"]}]}},"_links":{"self":[{"href":"https:\/\/www.spausa.pt\/_en\/wp-json\/wp\/v2\/pages\/1778","targetHints":{"allow":["GET"]}}],"collection":[{"href":"https:\/\/www.spausa.pt\/_en\/wp-json\/wp\/v2\/pages"}],"about":[{"href":"https:\/\/www.spausa.pt\/_en\/wp-json\/wp\/v2\/types\/page"}],"author":[{"embeddable":true,"href":"https:\/\/www.spausa.pt\/_en\/wp-json\/wp\/v2\/users\/1"}],"replies":[{"embeddable":true,"href":"https:\/\/www.spausa.pt\/_en\/wp-json\/wp\/v2\/comments?post=1778"}],"version-history":[{"count":18,"href":"https:\/\/www.spausa.pt\/_en\/wp-json\/wp\/v2\/pages\/1778\/revisions"}],"predecessor-version":[{"id":3120,"href":"https:\/\/www.spausa.pt\/_en\/wp-json\/wp\/v2\/pages\/1778\/revisions\/3120"}],"wp:attachment":[{"href":"https:\/\/www.spausa.pt\/_en\/wp-json\/wp\/v2\/media?parent=1778"}],"curies":[{"name":"wp","href":"https:\/\/api.w.org\/{rel}","templated":true}]}}